{"id":1576,"date":"2021-05-09T03:26:35","date_gmt":"2021-05-09T03:26:35","guid":{"rendered":"https:\/\/juanmanuelpelaez.com\/?page_id=1576"},"modified":"2021-05-25T00:43:12","modified_gmt":"2021-05-25T00:43:12","slug":"horas","status":"publish","type":"page","link":"https:\/\/juanmanuelpelaez.com\/en\/horas\/","title":{"rendered":"Horas Claras House"},"content":{"rendered":"<h5>Horas Claras House<\/h5>\n<h6>Honorable mention Colombian Architecture Biennale\/Panamerican Architecture Biennale. 1998<\/h6>\n<h6>El Retiro, Colombia<\/h6>\n<p>End date: 1998<\/p>\n<p>Photography: Juan Uribe\/@skeye.photo<\/p>","protected":false},"excerpt":{"rendered":"<p>Casa Horas Claras Ganador Menci\u00f3n de honor Bienal Colombiana de Arquitectura\/ Bienal Panamericana de Arquitectura. A\u00f1o 1998 El Retiro, Colombia Finalizaci\u00f3n: 1998 Fotograf\u00eda: Juan Uribe\/@skeye.photo<\/p>","protected":false},"author":1,"featured_media":0,"parent":0,"menu_order":0,"comment_status":"closed","ping_status":"closed","template":"","meta":{"site-sidebar-layout":"no-sidebar","site-content-layout":"page-builder","ast-main-header-display":"","ast-hfb-above-header-display":"","ast-hfb-below-header-display":"","ast-hfb-mobile-header-display":"","site-post-title":"disabled","ast-breadcrumbs-content":"","ast-featured-img":"disabled","footer-sml-layout":"","theme-transparent-header-meta":"default","adv-header-id-meta":"","stick-header-meta":"","header-above-stick-meta":"","header-main-stick-meta":"","header-below-stick-meta":"","footnotes":""},"_links":{"self":[{"href":"https:\/\/juanmanuelpelaez.com\/en\/wp-json\/wp\/v2\/pages\/1576"}],"collection":[{"href":"https:\/\/juanmanuelpelaez.com\/en\/wp-json\/wp\/v2\/pages"}],"about":[{"href":"https:\/\/juanmanuelpelaez.com\/en\/wp-json\/wp\/v2\/types\/page"}],"author":[{"embeddable":true,"href":"https:\/\/juanmanuelpelaez.com\/en\/wp-json\/wp\/v2\/users\/1"}],"replies":[{"embeddable":true,"href":"https:\/\/juanmanuelpelaez.com\/en\/wp-json\/wp\/v2\/comments?post=1576"}],"version-history":[{"count":23,"href":"https:\/\/juanmanuelpelaez.com\/en\/wp-json\/wp\/v2\/pages\/1576\/revisions"}],"predecessor-version":[{"id":2305,"href":"https:\/\/juanmanuelpelaez.com\/en\/wp-json\/wp\/v2\/pages\/1576\/revisions\/2305"}],"wp:attachment":[{"href":"https:\/\/juanmanuelpelaez.com\/en\/wp-json\/wp\/v2\/media?parent=1576"}],"curies":[{"name":"wp","href":"https:\/\/api.w.org\/{rel}","templated":true}]}}

<p>Casa Horas Claras Ganador Mención de honor Bienal Colombiana de Arquitectura/ Bienal Panamericana de Arquitectura. Año 1998 El Retiro, Colombia Finalización: 1998 Fotografía: Juan Uribe/@skeye.photo</p>
