{"id":1581,"date":"2021-05-09T03:24:27","date_gmt":"2021-05-09T03:24:27","guid":{"rendered":"https:\/\/juanmanuelpelaez.com\/?page_id=1581"},"modified":"2021-05-31T02:13:46","modified_gmt":"2021-05-31T02:13:46","slug":"plaza-de-la-luz","status":"publish","type":"page","link":"https:\/\/juanmanuelpelaez.com\/en\/plaza-de-la-luz\/","title":{"rendered":"Plaza de la Luz"},"content":{"rendered":"<h5>Plaza de la Luz<\/h5>\n<h6>Public Contest, First Place. 2002<br \/>\nGreat Prize Panamerican Architecture Biennale Awardee. 2006<br \/>\nSteel Pencil Award Winner, public space category. 2008<\/h6>\n<h6>Medell\u00edn, Colombia<\/h6>\n<p>Three hundred light towers located in the square make up a forest of shade during the day and a forest of light at night.<\/p>\n<p>The intervened area is 16,000 m2. The project had the scope of involving three buildings: two of them historical and one contemporary (El Carr\u00e9, El V\u00e1squez and the Library of Empresas P\u00fablicas de Medell\u00edn). This interaction was planned to allow direct public access from the buildings to the square. Previously, the marketplace that disappeared due to a fire was surrounded by vehicular lanes. As the old building did not exist, a vacant lot was left isolated and without any urban relationship with the other constructions. It was important as an initial idea to involve the activity generated by these institutions to reactivate the new Cisneros square almost immediately.<\/p>\n<p>The space was configured as a meeting area and as a crossroads to other sectors of the city. Inside the project there is the largest open area for street events and urban shows. It was complemented on the sides with bamboo plants to increase the shade during the day.<\/p>\n<p>Team:<br \/>Juan Manuel Pel\u00e1ez\/Sculptor: Luis Fernando Pel\u00e1ez<br \/>Rafael V\u00e9lez<br \/>Ingrid Barrag\u00e1n<br \/>Juan Esteban Arteaga<br \/>Leonardo Boh\u00f3rquez<br \/>Carlos P\u00e9rez<\/p>\n<p>End date: 2005<\/p>\n<p>Photography: Juan Uribe\/@skeye.photo<\/p>","protected":false},"excerpt":{"rendered":"<p>Plaza de la Luz Concurso P\u00fablico, Primer Puesto. A\u00f1o 2002 Ganador Gran Premio Bienal Panamericana de arquitectura. A\u00f1o 2006 Ganador Premio L\u00e1piz de Acero, categor\u00eda espacio p\u00fablico. A\u00f1o 2008 Medell\u00edn, Colombia Trescientas torres de luz ubicadas en la plaza configuran un bosque de sombra en el d\u00eda y un bosque de la luz en la &hellip;<\/p>\n<p class=\"read-more\"> <a class=\"\" href=\"https:\/\/juanmanuelpelaez.com\/en\/plaza-de-la-luz\/\"> <span class=\"screen-reader-text\">Plaza de la Luz<\/span> Read More &raquo;<\/a><\/p>","protected":false},"author":1,"featured_media":0,"parent":0,"menu_order":0,"comment_status":"closed","ping_status":"closed","template":"","meta":{"site-sidebar-layout":"no-sidebar","site-content-layout":"page-builder","ast-main-header-display":"","ast-hfb-above-header-display":"","ast-hfb-below-header-display":"","ast-hfb-mobile-header-display":"","site-post-title":"disabled","ast-breadcrumbs-content":"","ast-featured-img":"disabled","footer-sml-layout":"","theme-transparent-header-meta":"default","adv-header-id-meta":"","stick-header-meta":"","header-above-stick-meta":"","header-main-stick-meta":"","header-below-stick-meta":"","footnotes":""},"_links":{"self":[{"href":"https:\/\/juanmanuelpelaez.com\/en\/wp-json\/wp\/v2\/pages\/1581"}],"collection":[{"href":"https:\/\/juanmanuelpelaez.com\/en\/wp-json\/wp\/v2\/pages"}],"about":[{"href":"https:\/\/juanmanuelpelaez.com\/en\/wp-json\/wp\/v2\/types\/page"}],"author":[{"embeddable":true,"href":"https:\/\/juanmanuelpelaez.com\/en\/wp-json\/wp\/v2\/users\/1"}],"replies":[{"embeddable":true,"href":"https:\/\/juanmanuelpelaez.com\/en\/wp-json\/wp\/v2\/comments?post=1581"}],"version-history":[{"count":30,"href":"https:\/\/juanmanuelpelaez.com\/en\/wp-json\/wp\/v2\/pages\/1581\/revisions"}],"predecessor-version":[{"id":2557,"href":"https:\/\/juanmanuelpelaez.com\/en\/wp-json\/wp\/v2\/pages\/1581\/revisions\/2557"}],"wp:attachment":[{"href":"https:\/\/juanmanuelpelaez.com\/en\/wp-json\/wp\/v2\/media?parent=1581"}],"curies":[{"name":"wp","href":"https:\/\/api.w.org\/{rel}","templated":true}]}}

<h5>Plaza de la Luz</h5>
<h6>Public Contest, First Place. 2002<br />
Great Prize Panamerican Architecture Biennale Awardee. 2006<br />
Steel Pencil Award Winner, public space category. 2008</h6>
<h6>Medellín, Colombia</h6>
<p>Three hundred light towers located in the square make up a forest of shade during the day and a forest of light at night.</p>
<p>The intervened area is 16,000 m2. The project had the scope of involving three buildings: two of them historical and one contemporary (El Carré, El Vásquez and the Library of Empresas Públicas de Medellín). This interaction was planned to allow direct public access from the buildings to the square. Previously, the marketplace that disappeared due to a fire was surrounded by vehicular lanes. As the old building did not exist, a vacant lot was left isolated and without any urban relationship with the other constructions. It was important as an initial idea to involve the activity generated by these institutions to reactivate the new Cisneros square almost immediately.</p>
<p>The space was configured as a meeting area and as a crossroads to other sectors of the city. Inside the project there is the largest open area for street events and urban shows. It was complemented on the sides with bamboo plants to increase the shade during the day.</p>
<p>Team:<br />Juan Manuel Peláez/Sculptor: Luis Fernando Peláez<br />Rafael Vélez<br />Ingrid Barragán<br />Juan Esteban Arteaga<br />Leonardo Bohórquez<br />Carlos Pérez</p>
<p>End date: 2005</p>
<p>Photography: Juan Uribe/@skeye.photo</p>

<p>Plaza de la Luz Concurso Público, Primer Puesto. Año 2002 Ganador Gran Premio Bienal Panamericana de arquitectura. Año 2006 Ganador Premio Lápiz de Acero, categoría espacio público. Año 2008 Medellín, Colombia Trescientas torres de luz ubicadas en la plaza configuran un bosque de sombra en el día y un bosque de la luz en la &hellip;</p>
<p class="read-more"> <a class="" href="https://juanmanuelpelaez.com/en/plaza-de-la-luz/"> <span class="screen-reader-text">Plaza de la Luz</span> Read More &raquo;</a></p>
